 is the ten thousands digit of 594719?
9
What is the tens digit of 9344711?
1
What is the ten thousands digit of 387016?
8
What is the millions digit of 1214562?
1
What is the ten thousands digit of 34292373?
9
What is the hundred thousands digit of 18626447?
6
What is the hundreds digit of 8606621?
6
What is the hundreds digit of 391772?
7
What is the thousands digit of 293244?
3
What is the thousands digit of 250342?
0
What is the hundred thousands digit of 6821252?
8
What is the thousands digit of 1287481?
7
What is the millions digit of 2027070?
2
What is the thousands digit of 411202?
1
What is the hundred thousands digit of 24601440?
6
What is the hundreds digit of 7493497?
4
What is the units digit of 379002?
2
What is the millions digit of 4605713?
4
What is the thousands digit of 374719?
4
What is the ten thousands digit of 464590?
6
What is the ten thousands digit of 378069?
7
What is the tens digit of 16841411?
1
What is the ten thousands digit of 22093009?
9
What is the tens digit of 9932980?
8
What is the millions digit of 7436770?
7
What is the thousands digit of 772448?
2
What is the hundred thousands digit of 1873180?
8
What is the thousands digit of 2232989?
2
What is the tens digit of 239815?
1
What is the ten thousands digit of 893407?
9
What is the thousands digit of 2869019?
9
What is the ten millions digit of 13964551?
1
What is the hundreds digit of 711721?
7
What is the hundred thousands digit of 173250?
1
What is the thousands digit of 87923?
7
What is the thousands digit of 374128?
4
What is the thousands digit of 207670?
7
What is the hundreds digit of 868283?
2
What is the thousands digit of 142521?
2
What is the units digit of 7050517?
7
What is the hundreds digit of 184712?
7
What is the thousands digit of 25642100?
2
What is the tens digit of 7062602?
0
What is the units digit of 935077?
7
What is the hundreds digit of 118270?
2
What is the tens digit of 1761491?
9
What is the hundred thousands digit of 3813434?
8
What is the hundred thousands digit of 1299471?
2
What is the ten thousands digit of 184431?
8
What is the tens digit of 1622375?
7
What is the ten thousands digit of 129906?
2
What is the thousands digit of 1819070?
9
What is the thousands digit of 15653?
5
What is the thousands digit of 33067?
3
What is the ten thousands digit of 594306?
9
What is the ten thousands digit of 869026?
6
What is the hundred thousands digit of 497039?
4
What is the millions digit of 1187602?
1
What is the tens digit of 265344?
4
What is the units digit of 138939?
9
What is the millions digit of 6955356?
6
What is the tens digit of 2299707?
0
What is the ten thousands digit of 392244?
9
What is the hundred thousands digit of 201995?
2
What is the hundreds digit of 7804115?
1
What is the millions digit of 20277279?
0
What is the tens digit of 4416428?
2
What is the hundreds digit of 58378?
3
What is the thousands digit of 2984969?
4
What is the units digit of 254645?
5
What is the hundreds digit of 135955?
9
What is the tens digit of 97562?
6
What is the hundreds digit of 6047079?
0
What is the ten thousands digit of 195772?
9
What is the tens digit of 5336070?
7
What is the hundreds digit of 314954?
9
What is the units digit of 824932?
2
What is the thousands digit of 162598?
2
What is the units digit of 5725965?
5
What is the thousands digit of 255489?
5
What is the millions digit of 2205479?
2
What is the units digit of 736705?
5
What is the tens digit of 36050240?
4
What is the tens digit of 160864?
6
What is the thousands digit of 8577264?
7
What is the units digit of 699017?
7
What is the hundreds digit of 875208?
2
What is the hundreds digit of 358166?
1
What is the thousands digit of 16404?
6
What is the units digit of 3329135?
5
What is the hundred thousands digit of 2941771?
9
What is the thousands digit of 213657?
3
What is the hundred thousands digit of 12752850?
7
What is the hundreds digit of 4624811?
8
What is the hundred thousands digit of 262636?
2
What is the thousands digit of 10151816?
1
What is the tens digit of 5697311?
1
What is the tens digit of 64705?
0
What is the tens digit of 136086?
8
What is the tens digit of 155289?
8
What is the hundreds digit of 32718?
7
What is the ten thousands digit of 410024?
1
What is the units digit of 1094981?
1
What is the ten thousands digit of 3990479?
9
What is the millions digit of 6899575?
6
What is the units digit of 2311449?
9
What is the hundred thousands digit of 2126464?
1
What is the hundred thousands digit of 183609?
1
What is the hundreds digit of 44776?
7
What is the hundreds digit of 4931278?
2
What is the ten thousands digit of 640548?
4
What is the hundred thousands digit of 138719?
1
What is the thousands digit of 350820?
0
What is the hundreds digit of 194581?
5
What is the tens digit of 135086?
8
What is the hundred thousands digit of 1244746?
2
What is the ten thousands digit of 10377222?
7
What is the hundreds digit of 2521069?
0
What is the ten millions digit of 20770664?
2
What is the tens digit of 76742?
4
What is the thousands digit of 47121?
7
What is the thousands digit of 440184?
0
What is the thousands digit of 5739857?
9
What is the tens digit of 6917948?
4
What is the millions digit of 1702737?
1
What is the hundreds digit of 474651?
6
What is the thousands digit of 4281430?
1
What is the tens digit of 50307?
0
What is the millions digit of 3251545?
3
What is the ten thousands digit of 41431?
4
What is the hundred thousands digit of 510343?
5
What is the millions digit of 7369041?
7
What is the tens digit of 3884136?
3
What is the tens digit of 157870?
7
What is the ten thousands digit of 761293?
6
What is the tens digit of 655704?
0
What is the units digit of 93916?
6
What is the thousands digit of 130201?
0
What is the ten thousands digit of 111459?
1
What is the tens digit of 246728?
2
What is the hundred thousands digit of 1596060?
5
What is the ten thousands digit of 23728?
2
What is the units digit of 5431554?
4
What is the ten thousands digit of 3479133?
7
What is the hundred thousands digit of 407389?
4
What is the hundreds digit of 2043105?
1
What is the hundreds digit of 329048?
0
What is the ten thousands digit of 77898?
7
What is the tens digit of 4422197?
9
What is the millions digit of 15248001?
5
What is the ten millions digit of 21929922?
2
What is the tens digit of 532545?
4
What is the hundred thousands digit of 751757?
7
What is the hundreds digit of 467130?
1
What is the thousands digit of 829302?
9
What is the units digit of 4659?
9
What is the units digit of 5901083?
3
What is the hundred thousands digit of 323064?
3
What is the ten millions digit of 11279960?
1
What is the tens digit of 5286484?
8
What is the hundred thousands digit of 29954319?
9
What is the hundred thousands digit of 281612?
2
What is the units digit of 1317819?
9
What is the tens digit of 107284?
8
What is the ten thousands digit of 2527541?
2
What is the thousands digit of 874093?
4
What is the tens digit of 933666?
6
What is the hundreds digit of 128283?
2
What is the hundreds digit of 342358?
3
What is the tens digit of 140031?
3
What is the ten thousands digit of 631419?
3
What is the units digit of 643076?
6
What is the ten millions digit of 18224002?
1
What is the ten thousands digit of 282971?
8
What is the ten thousands digit of 205996?
0
What is the hundreds digit of 1638008?
0
What is the units digit of 385874?
4
What is the thousands digit of 782219?
2
What is the tens digit of 74653?
5
What is the thousands digit of 18189168?
9
What is the ten thousands digit of 81368?
8
What is the thousands digit of 644581?
4
What is the millions digit of 1359088?
1
What is the tens digit of 1195827?
2
What is the hundreds digit of 177785?
7
What is the hundred thousands digit of 560163?
5
What is the thousands digit of 9820981?
0
What is the hundreds digit of 2981469?
4
What is the hundreds digit of 3974116?
1
What is the units digit of 158?
8
What is the ten thousands digit of 209267?
0
What is the ten thousands digit of 291607?
9
What is the hundred thousands digit of 15229641?
2
What is the hundred thousands digit of 231085?
2
What is the hundreds digit of 13923392?
3
What is the hundred thousands digit of 683831?
6
What is the hundreds d